{"id":928,"date":"2018-04-11T19:48:35","date_gmt":"2018-04-11T19:48:35","guid":{"rendered":"https:\/\/mercedes.andino.terapeuta.ec\/?page_id=928"},"modified":"2019-10-29T02:33:10","modified_gmt":"2019-10-29T02:33:10","slug":"terapia-de-pareja","status":"publish","type":"page","link":"https:\/\/terapeuta.ec\/?page_id=928","title":{"rendered":"Terapia de Pareja"},"content":{"rendered":"<p><img loading=\"lazy\" decoding=\"async\" class=\"size-medium wp-image-1341 alignleft\" src=\"https:\/\/mercedes.andino.terapeuta.ec\/wp-content\/uploads\/2019\/10\/12805697_1101280453253524_931014978730473309_n-300x225.jpg\" alt=\"\" width=\"300\" height=\"225\" srcset=\"https:\/\/terapeuta.ec\/wp-content\/uploads\/2019\/10\/12805697_1101280453253524_931014978730473309_n-300x225.jpg 300w, https:\/\/terapeuta.ec\/wp-content\/uploads\/2019\/10\/12805697_1101280453253524_931014978730473309_n-768x576.jpg 768w, https:\/\/terapeuta.ec\/wp-content\/uploads\/2019\/10\/12805697_1101280453253524_931014978730473309_n-249x187.jpg 249w, https:\/\/terapeuta.ec\/wp-content\/uploads\/2019\/10\/12805697_1101280453253524_931014978730473309_n.jpg 960w\" sizes=\"(max-width: 300px) 100vw, 300px\" \/>En este espacio, la terapeuta facilita la comunicaci\u00f3n entre ambas partes, proponiendo una din\u00e1mica de trabajo en la que hace posible que los involucrados puedan intercambiar roles y de esta manera vivenciar y comprender el mundo del otro.<\/p>\n<p>El amor es la fuerza m\u00e1s poderosa que existe sobre la tierra, y se expresa de diferentes maneras. Entre ellas, una expresi\u00f3n muy importante es la que sentimos por la pareja y a trav\u00e9s de la cual conformamos lo que se conoce como familia.<\/p>\n<p>La vida en pareja es una de las empresas m\u00e1s dif\u00edciles de llevar, pues durante los primeros a\u00f1os de vivir juntos estamos motivados por el enamoramiento, pero poco despu\u00e9s esa magia se difumina y empezamos a desnudarnos ante el otro y a mostrarnos tal cual somos. En esta f<\/p>\n<p>ase se revela nuestro lado oscuro, es decir, aquellas partes de nuestro ser que no siempre gustan. Tenemos la dif\u00edcil tarea de sostener la relaci\u00f3n y aprender a amar a la pareja con toda su oscuridad. Los conflictos afloran, ya sea porque nos encontramos con alguien distinto al que cre\u00edamos tener a nuestro lado o porque estamos en una b\u00fasqueda incansable proyectando a nuestros padres, confundiendo los roles y el lugar que cada uno debe ocupar en la vida del otro.<\/p>\n<p><img loading=\"lazy\" decoding=\"async\" class=\"size-medium wp-image-1340 alignright\" src=\"https:\/\/mercedes.andino.terapeuta.ec\/wp-content\/uploads\/2019\/10\/FB_20160906_20_47_48_Saved_Picture-300x200.jpg\" alt=\"\" width=\"300\" height=\"200\" srcset=\"https:\/\/terapeuta.ec\/wp-content\/uploads\/2019\/10\/FB_20160906_20_47_48_Saved_Picture-300x200.jpg 300w, https:\/\/terapeuta.ec\/wp-content\/uploads\/2019\/10\/FB_20160906_20_47_48_Saved_Picture-280x187.jpg 280w, https:\/\/terapeuta.ec\/wp-content\/uploads\/2019\/10\/FB_20160906_20_47_48_Saved_Picture.jpg 720w\" sizes=\"(max-width: 300px) 100vw, 300px\" \/><\/p>\n<p>&nbsp;<\/p>\n<p>Asumir el lugar que corresponde implica respetar acuerdos, reconocer hasta d\u00f3nde se est\u00e1 dispuesto a ceder, aclarar cu\u00e1l es el rol que hay que desempe\u00f1ar. El mayor conflicto suele estar dado por la pugna de poder, la necesidad de manipulaci\u00f3n y control. Este comportamiento puede llevar a un enfriamiento de la relaci\u00f3n y desvalorizaci\u00f3n del amor propio y del de la pareja, y puede terminar en infidelidad debido a la insatisfacci\u00f3n de ambos.<\/p>\n<p>Durante la terapia de pareja se plantean ejercicios que permitan al uno ponerse en el lugar del otro y de esta manera comprender las razones de cada uno. Por otro lado, tambi\u00e9n se rescata el motivo por el que escogiste a esa persona para compartir tu vida. El rol del terapeuta es facilitar la comunicaci\u00f3n y que lo que sea que decidan sea de la manera m\u00e1s ecol\u00f3gica e id\u00f3nea para la pareja.<\/p>\n<p>Si te encuentras atravesando una situaci\u00f3n dif\u00edcil con tu pareja y sientes el llamado a sanar la relaci\u00f3n, eres bienvenido a este espacio amoroso en el que podr\u00e1s expresarte y ser comprendido a un nivel profundo.<\/p>\n","protected":false},"excerpt":{"rendered":"<p>En este espacio, la terapeuta facilita la comunicaci\u00f3n entre ambas partes, proponiendo una din\u00e1mica de trabajo en la que hace posible que los involucrados puedan intercambiar roles y de esta manera vivenciar y comprender el mundo del otro. El amor es la fuerza m\u00e1s poderosa que existe sobre la tierra, y se expresa de diferentes<\/p>\n","protected":false},"author":1,"featured_media":0,"parent":0,"menu_order":0,"comment_status":"closed","ping_status":"closed","template":"","meta":{"footnotes":""},"_links":{"self":[{"href":"https:\/\/terapeuta.ec\/index.php?rest_route=\/wp\/v2\/pages\/928"}],"collection":[{"href":"https:\/\/terapeuta.ec\/index.php?rest_route=\/wp\/v2\/pages"}],"about":[{"href":"https:\/\/terapeuta.ec\/index.php?rest_route=\/wp\/v2\/types\/page"}],"author":[{"embeddable":true,"href":"https:\/\/terapeuta.ec\/index.php?rest_route=\/wp\/v2\/users\/1"}],"replies":[{"embeddable":true,"href":"https:\/\/terapeuta.ec\/index.php?rest_route=%2Fwp%2Fv2%2Fcomments&post=928"}],"version-history":[{"count":7,"href":"https:\/\/terapeuta.ec\/index.php?rest_route=\/wp\/v2\/pages\/928\/revisions"}],"predecessor-version":[{"id":1343,"href":"https:\/\/terapeuta.ec\/index.php?rest_route=\/wp\/v2\/pages\/928\/revisions\/1343"}],"wp:attachment":[{"href":"https:\/\/terapeuta.ec\/index.php?rest_route=%2Fwp%2Fv2%2Fmedia&parent=928"}],"curies":[{"name":"wp","href":"https:\/\/api.w.org\/{rel}","templated":true}]}}