{"id":924,"date":"2018-04-11T19:43:14","date_gmt":"2018-04-11T19:43:14","guid":{"rendered":"https:\/\/mercedes.andino.terapeuta.ec\/?page_id=924"},"modified":"2019-10-29T02:37:49","modified_gmt":"2019-10-29T02:37:49","slug":"terapia-individual","status":"publish","type":"page","link":"https:\/\/terapeuta.ec\/?page_id=924","title":{"rendered":"Terapia Individual"},"content":{"rendered":"<p style=\"text-align: left;\"><img loading=\"lazy\" decoding=\"async\" class=\"size-medium wp-image-1307 alignleft\" src=\"https:\/\/mercedes.andino.terapeuta.ec\/wp-content\/uploads\/2019\/07\/DSC_0326-e1562799093200-199x300.jpg\" alt=\"\" width=\"199\" height=\"300\" srcset=\"https:\/\/terapeuta.ec\/wp-content\/uploads\/2019\/07\/DSC_0326-e1562799093200-199x300.jpg 199w, https:\/\/terapeuta.ec\/wp-content\/uploads\/2019\/07\/DSC_0326-e1562799093200-768x1155.jpg 768w, https:\/\/terapeuta.ec\/wp-content\/uploads\/2019\/07\/DSC_0326-e1562799093200-681x1024.jpg 681w, https:\/\/terapeuta.ec\/wp-content\/uploads\/2019\/07\/DSC_0326-e1562799093200-124x187.jpg 124w, https:\/\/terapeuta.ec\/wp-content\/uploads\/2019\/07\/DSC_0326-e1562799093200-1170x1760.jpg 1170w, https:\/\/terapeuta.ec\/wp-content\/uploads\/2019\/07\/DSC_0326-e1562799093200.jpg 2000w\" sizes=\"(max-width: 199px) 100vw, 199px\" \/>En la terapia individual tienes la oportunidad de conocerte a ti mismo, explorar y descubir tu autenticidad en un espacio \u00edntimo y confidencial.<\/p>\n<p>Planteamientos:<\/p>\n<p>*El mito tras tu historia personal.<\/p>\n<p>*Comprensi\u00f3n trascendental de tu visi\u00f3n del mundo.<\/p>\n<p>*Encuentro con tu humanidad y tu sabidur\u00eda interior.<\/p>\n<p>*Visi\u00f3n ecol\u00f3gica frente a los conflictos interpersonales.<\/p>\n<p>*Valoraci\u00f3n y reconocimiento de tu camino andado y de tus potencialidades.<\/p>\n<p>*Amor propio e incondicional, compasi\u00f3n.<\/p>\n<p style=\"text-align: left;\">Todos los seres humanos, desde el momento de nuestra concepci\u00f3n, pasando por nuestra infancia hasta llegar a nuestra vida actual, atravesamos una serie de eventos que marcan nuestra vida y nos configuran con una manera de actuar y de ser. A este comportamiento se le conoce como car\u00e1cter, el cual est\u00e1 conformado por estructuras primarias que se levantan en el interior de nuestra memoria celular, guardando all\u00ed la informaci\u00f3n adquirida durante el trascurso de nuestras vidas. Esto se ve reflejado en los h\u00e1bitos que adoptamos y en la manera de responder y relacionarnos con el entorno y con los otros en nuestro d\u00eda a d\u00eda. El pasado marca el presente y futuro, no nos permite conducirnos de manera libre o distinta a lo acostumbrado o programado.<img loading=\"lazy\" decoding=\"async\" class=\"size-medium wp-image-1344 alignright\" src=\"https:\/\/mercedes.andino.terapeuta.ec\/wp-content\/uploads\/2019\/10\/SAM_6012-large-300x225.jpg\" alt=\"\" width=\"300\" height=\"225\" srcset=\"https:\/\/terapeuta.ec\/wp-content\/uploads\/2019\/10\/SAM_6012-large-300x225.jpg 300w, https:\/\/terapeuta.ec\/wp-content\/uploads\/2019\/10\/SAM_6012-large-768x576.jpg 768w, https:\/\/terapeuta.ec\/wp-content\/uploads\/2019\/10\/SAM_6012-large.jpg 1024w, https:\/\/terapeuta.ec\/wp-content\/uploads\/2019\/10\/SAM_6012-large-249x187.jpg 249w\" sizes=\"(max-width: 300px) 100vw, 300px\" \/><\/p>\n<p style=\"text-align: left;\">Al recibir terapia individual se emprende un viaje al interior del ser y se confronta con la realidad, se encara la historia personal con todo lo bueno y malo que esta contiene. Se da prioridad a lo organ\u00edsmico y se recrean momentos, lugares y recuerdos a trav\u00e9s de sentimientos y memorias corporales del presente. De esta manera se hacen reparaciones y se encuentran soluciones y comprensiones \u00fatiles para la vida, comprensiones que dan origen al cambio.<\/p>\n<p style=\"text-align: left;\">Las problem\u00e1ticas m\u00e1s comunes suelen ser:<\/p>\n<p style=\"text-align: left;\">*Depresi\u00f3n<\/p>\n<p style=\"text-align: left;\">*Dificultad para relacionarse<\/p>\n<p style=\"text-align: left;\">*Dificultad para conseguir pareja<\/p>\n<p style=\"text-align: left;\">*Fobias, traumas y miedos<\/p>\n<p style=\"text-align: left;\">* Incapacidad para liderar<\/p>\n<p style=\"text-align: left;\">*Desvalorizaci\u00f3n de s\u00ed mismo<\/p>\n<p style=\"text-align: left;\">*Problemas de salud<\/p>\n<p style=\"text-align: left;\">*Incapacidad para reconocer su talento<\/p>\n<p style=\"text-align: left;\">*Drogadicci\u00f3n<\/p>\n<p style=\"text-align: left;\">*Abusos y sumisi\u00f3n<\/p>\n<p style=\"text-align: left;\">*Control, desequilibrio en el manejo del poder, y ejercicio de autoridad<\/p>\n<p style=\"text-align: left;\">*Adicci\u00f3n a emociones negativas, (ira, tristeza, etc.)<\/p>\n<p style=\"text-align: left;\">*Duelos (dificultad para dejar ir)<\/p>\n<p style=\"text-align: left;\">Te ofrezco un acompa\u00f1amiento amoroso y respetuoso ante cualquiera que sea tu proceso de vida, es importante saber que todos los seres humanos necesitamos de este tipo de terapias en alg\u00fan momento de nuestras vidas, pues no estamos libres de penalidades.<\/p>\n","protected":false},"excerpt":{"rendered":"<p>En la terapia individual tienes la oportunidad de conocerte a ti mismo, explorar y descubir tu autenticidad en un espacio \u00edntimo y confidencial. Planteamientos: *El mito tras tu historia personal. *Comprensi\u00f3n trascendental de tu visi\u00f3n del mundo. *Encuentro con tu humanidad y tu sabidur\u00eda interior. *Visi\u00f3n ecol\u00f3gica frente a los conflictos interpersonales. *Valoraci\u00f3n y reconocimiento<\/p>\n","protected":false},"author":1,"featured_media":0,"parent":0,"menu_order":0,"comment_status":"closed","ping_status":"closed","template":"","meta":{"footnotes":""},"_links":{"self":[{"href":"https:\/\/terapeuta.ec\/index.php?rest_route=\/wp\/v2\/pages\/924"}],"collection":[{"href":"https:\/\/terapeuta.ec\/index.php?rest_route=\/wp\/v2\/pages"}],"about":[{"href":"https:\/\/terapeuta.ec\/index.php?rest_route=\/wp\/v2\/types\/page"}],"author":[{"embeddable":true,"href":"https:\/\/terapeuta.ec\/index.php?rest_route=\/wp\/v2\/users\/1"}],"replies":[{"embeddable":true,"href":"https:\/\/terapeuta.ec\/index.php?rest_route=%2Fwp%2Fv2%2Fcomments&post=924"}],"version-history":[{"count":7,"href":"https:\/\/terapeuta.ec\/index.php?rest_route=\/wp\/v2\/pages\/924\/revisions"}],"predecessor-version":[{"id":1345,"href":"https:\/\/terapeuta.ec\/index.php?rest_route=\/wp\/v2\/pages\/924\/revisions\/1345"}],"wp:attachment":[{"href":"https:\/\/terapeuta.ec\/index.php?rest_route=%2Fwp%2Fv2%2Fmedia&parent=924"}],"curies":[{"name":"wp","href":"https:\/\/api.w.org\/{rel}","templated":true}]}}